{"id":250,"date":"2025-09-12T18:21:19","date_gmt":"2025-09-12T16:21:19","guid":{"rendered":"https:\/\/ecole-des-deux-rives.be\/?page_id=250"},"modified":"2025-09-12T18:35:05","modified_gmt":"2025-09-12T16:35:05","slug":"les-cours-philosophiques","status":"publish","type":"page","link":"https:\/\/ecole-des-deux-rives.be\/index.php\/enseignement\/les-cours-philosophiques\/","title":{"rendered":"Les cours philosophiques"},"content":{"rendered":"\n    \n    <section class=\"u-align-left u-clearfix u-container-align-left u-section-2\" id=\"block-2\">\n      <div class=\"u-clearfix u-sheet u-sheet-1\">\n        <div class=\"fr-view u-clearfix u-rich-text u-text u-text-1\">\n          <h1 style=\"text-align: left;\">Les cours philosophiques<\/h1>\n          <p style=\"text-align: left;\">Les parents choisissent, d\u00e8s l'arriv\u00e9e de leur enfant \u00e0 l'\u00e9cole primaire, un cours philosophique. Du changement dans l'organisation des cours philosophiques pour cette ann\u00e9e scolaire. Suite \u00e0 la mise en place du Pacte d'Excellence, les enfants &nbsp;b\u00e9n\u00e9ficieront d'un cours d'\u00e9ducation philosophique et citoyenne et d'un cours au choix parmi les cours suivants :<\/p>\n          <blockquote>\n            <ul id=\"isPasted\">\n              <li>religion catholique<\/li>\n              <li>religion isra\u00e9lite<\/li>\n              <li>religion orthodoxe<\/li>\n              <li>religion protestante<\/li>\n              <li>religion islamique<\/li>\n              <li>morale non confessionnelle<\/li>\n              <li>EPA (encadrement p\u00e9dagogique alternatif) qui correspondra \u00e0 une heure suppl\u00e9mentaire du cours d\u2019\u00e9ducation philosophique et citoyenne<\/li>\n            <\/ul>\n          <\/blockquote>\n          <p id=\"isPasted\">Le choix de ce cours peut \u00eatre modifi\u00e9 au d\u00e9but de chaque nouvelle ann\u00e9e scolaire et ce, <strong>avant le 15 septembre<\/strong>.\n          <\/p>\n          <p>Je vous invite, pour un compl\u00e9ment d'informations sur l'organisation de ce cours, \u00e0 consulter le fichier joint qui donne des informations sur les objectifs vis\u00e9s et sur le principe d'organisation.<\/p>\n          <p>\n            <a class=\"u-active-none u-border-none u-btn u-button-link u-button-style u-hover-none u-none u-text-palette-1-base u-btn-1\" href=\"https:\/\/ecole-des-deux-rives.be\/?post_type=post\">\n              <br>\n            <\/a>\n          <\/p>\n          <p>\n            <br>\n          <\/p>\n        <\/div>\n        <a href=\"https:\/\/ecole-des-deux-rives.be\/index.php#contact\" class=\"u-active-none u-border-2 u-border-active-palette-5-dark-1 u-border-hover-palette-4-light-2 u-border-no-left u-border-no-right u-border-no-top u-border-palette-1-base u-btn u-btn-rectangle u-button-style u-hover-none u-none u-btn-2\">Contacter la direction<\/a>\n      <\/div>\n    <\/section>\n    \n    \n    \n  \n","protected":false},"excerpt":{"rendered":"<p>Les cours philosophiques Les parents choisissent, d\u00e8s l&rsquo;arriv\u00e9e de leur enfant \u00e0 l&rsquo;\u00e9cole primaire, un cours philosophique. Du changement dans l&rsquo;organisation des cours philosophiques pour cette ann\u00e9e scolaire. Suite \u00e0 la mise en place du Pacte d&rsquo;Excellence, les enfants &nbsp;b\u00e9n\u00e9ficieront d&rsquo;un cours d&rsquo;\u00e9ducation philosophique et citoyenne et d&rsquo;un cours au choix parmi les cours suivants &hellip; <a href=\"https:\/\/ecole-des-deux-rives.be\/index.php\/enseignement\/les-cours-philosophiques\/\" class=\"more-link\">Continue reading<span class=\"screen-reader-text\"> \u00ab\u00a0Les cours philosophiques\u00a0\u00bb<\/span><\/a><\/p>\n","protected":false},"author":1,"featured_media":0,"parent":374,"menu_order":0,"comment_status":"closed","ping_status":"closed","template":"","meta":{"footnotes":""},"class_list":["post-250","page","type-page","status-publish","hentry"],"yoast_head":"<!-- This site is optimized with the Yoast SEO plugin v27.4 - https:\/\/yoast.com\/product\/yoast-seo-wordpress\/ -->\n<title>Les cours philosophiques - Ecoles des Deux Rives<\/title>\n<meta name=\"robots\" content=\"index, follow, max-snippet:-1, max-image-preview:large, max-video-preview:-1\" \/>\n<link rel=\"canonical\" href=\"https:\/\/ecole-des-deux-rives.be\/index.php\/les-cours-philosophiques\/\" \/>\n<meta property=\"og:locale\" content=\"fr_FR\" \/>\n<meta property=\"og:type\" content=\"article\" \/>\n<meta property=\"og:title\" content=\"Les cours philosophiques - Ecoles des Deux Rives\" \/>\n<meta property=\"og:description\" content=\"Les cours philosophiques Les parents choisissent, d\u00e8s l&#039;arriv\u00e9e de leur enfant \u00e0 l&#039;\u00e9cole primaire, un cours philosophique. Du changement dans l&#039;organisation des cours philosophiques pour cette ann\u00e9e scolaire. Suite \u00e0 la mise en place du Pacte d&#039;Excellence, les enfants &nbsp;b\u00e9n\u00e9ficieront d&#039;un cours d&#039;\u00e9ducation philosophique et citoyenne et d&#039;un cours au choix parmi les cours suivants &hellip; Continue reading &quot;Les cours philosophiques&quot;\" \/>\n<meta property=\"og:url\" content=\"https:\/\/ecole-des-deux-rives.be\/index.php\/les-cours-philosophiques\/\" \/>\n<meta property=\"og:site_name\" content=\"Ecoles des Deux Rives\" \/>\n<meta property=\"article:modified_time\" content=\"2025-09-12T16:35:05+00:00\" \/>\n<meta property=\"og:image\" content=\"https:\/\/ecole-des-deux-rives.be\/wp-content\/uploads\/2024\/12\/ecole_primaire_entree.jpg\" \/>\n\t<meta property=\"og:image:width\" content=\"1920\" \/>\n\t<meta property=\"og:image:height\" content=\"1080\" \/>\n\t<meta property=\"og:image:type\" content=\"image\/jpeg\" \/>\n<meta name=\"twitter:card\" content=\"summary_large_image\" \/>\n<script type=\"application\/ld+json\" class=\"yoast-schema-graph\">{\"@context\":\"https:\\\/\\\/schema.org\",\"@graph\":[{\"@type\":\"WebPage\",\"@id\":\"https:\\\/\\\/ecole-des-deux-rives.be\\\/index.php\\\/les-cours-philosophiques\\\/\",\"url\":\"https:\\\/\\\/ecole-des-deux-rives.be\\\/index.php\\\/les-cours-philosophiques\\\/\",\"name\":\"Les cours philosophiques - Ecoles des Deux Rives\",\"isPartOf\":{\"@id\":\"https:\\\/\\\/ecole-des-deux-rives.be\\\/#website\"},\"datePublished\":\"2025-09-12T16:21:19+00:00\",\"dateModified\":\"2025-09-12T16:35:05+00:00\",\"breadcrumb\":{\"@id\":\"https:\\\/\\\/ecole-des-deux-rives.be\\\/index.php\\\/les-cours-philosophiques\\\/#breadcrumb\"},\"inLanguage\":\"fr-FR\",\"potentialAction\":[{\"@type\":\"ReadAction\",\"target\":[\"https:\\\/\\\/ecole-des-deux-rives.be\\\/index.php\\\/les-cours-philosophiques\\\/\"]}]},{\"@type\":\"BreadcrumbList\",\"@id\":\"https:\\\/\\\/ecole-des-deux-rives.be\\\/index.php\\\/les-cours-philosophiques\\\/#breadcrumb\",\"itemListElement\":[{\"@type\":\"ListItem\",\"position\":1,\"name\":\"Accueil\",\"item\":\"https:\\\/\\\/ecole-des-deux-rives.be\\\/\"},{\"@type\":\"ListItem\",\"position\":2,\"name\":\"Les cours philosophiques\"}]},{\"@type\":\"WebSite\",\"@id\":\"https:\\\/\\\/ecole-des-deux-rives.be\\\/#website\",\"url\":\"https:\\\/\\\/ecole-des-deux-rives.be\\\/\",\"name\":\"Ecole des deux rives \u00e0 Musson\",\"description\":\"Ecoles des Deux Rives, Musson\",\"alternateName\":\"Eddr\",\"potentialAction\":[{\"@type\":\"SearchAction\",\"target\":{\"@type\":\"EntryPoint\",\"urlTemplate\":\"https:\\\/\\\/ecole-des-deux-rives.be\\\/?s={search_term_string}\"},\"query-input\":{\"@type\":\"PropertyValueSpecification\",\"valueRequired\":true,\"valueName\":\"search_term_string\"}}],\"inLanguage\":\"fr-FR\"}]}<\/script>\n<!-- \/ Yoast SEO plugin. -->","yoast_head_json":{"title":"Les cours philosophiques - Ecoles des Deux Rives","robots":{"index":"index","follow":"follow","max-snippet":"max-snippet:-1","max-image-preview":"max-image-preview:large","max-video-preview":"max-video-preview:-1"},"canonical":"https:\/\/ecole-des-deux-rives.be\/index.php\/les-cours-philosophiques\/","og_locale":"fr_FR","og_type":"article","og_title":"Les cours philosophiques - Ecoles des Deux Rives","og_description":"Les cours philosophiques Les parents choisissent, d\u00e8s l'arriv\u00e9e de leur enfant \u00e0 l'\u00e9cole primaire, un cours philosophique. Du changement dans l'organisation des cours philosophiques pour cette ann\u00e9e scolaire. Suite \u00e0 la mise en place du Pacte d'Excellence, les enfants &nbsp;b\u00e9n\u00e9ficieront d'un cours d'\u00e9ducation philosophique et citoyenne et d'un cours au choix parmi les cours suivants &hellip; Continue reading \"Les cours philosophiques\"","og_url":"https:\/\/ecole-des-deux-rives.be\/index.php\/les-cours-philosophiques\/","og_site_name":"Ecoles des Deux Rives","article_modified_time":"2025-09-12T16:35:05+00:00","og_image":[{"width":1920,"height":1080,"url":"https:\/\/ecole-des-deux-rives.be\/wp-content\/uploads\/2024\/12\/ecole_primaire_entree.jpg","type":"image\/jpeg"}],"twitter_card":"summary_large_image","schema":{"@context":"https:\/\/schema.org","@graph":[{"@type":"WebPage","@id":"https:\/\/ecole-des-deux-rives.be\/index.php\/les-cours-philosophiques\/","url":"https:\/\/ecole-des-deux-rives.be\/index.php\/les-cours-philosophiques\/","name":"Les cours philosophiques - Ecoles des Deux Rives","isPartOf":{"@id":"https:\/\/ecole-des-deux-rives.be\/#website"},"datePublished":"2025-09-12T16:21:19+00:00","dateModified":"2025-09-12T16:35:05+00:00","breadcrumb":{"@id":"https:\/\/ecole-des-deux-rives.be\/index.php\/les-cours-philosophiques\/#breadcrumb"},"inLanguage":"fr-FR","potentialAction":[{"@type":"ReadAction","target":["https:\/\/ecole-des-deux-rives.be\/index.php\/les-cours-philosophiques\/"]}]},{"@type":"BreadcrumbList","@id":"https:\/\/ecole-des-deux-rives.be\/index.php\/les-cours-philosophiques\/#breadcrumb","itemListElement":[{"@type":"ListItem","position":1,"name":"Accueil","item":"https:\/\/ecole-des-deux-rives.be\/"},{"@type":"ListItem","position":2,"name":"Les cours philosophiques"}]},{"@type":"WebSite","@id":"https:\/\/ecole-des-deux-rives.be\/#website","url":"https:\/\/ecole-des-deux-rives.be\/","name":"Ecole des deux rives \u00e0 Musson","description":"Ecoles des Deux Rives, Musson","alternateName":"Eddr","potentialAction":[{"@type":"SearchAction","target":{"@type":"EntryPoint","urlTemplate":"https:\/\/ecole-des-deux-rives.be\/?s={search_term_string}"},"query-input":{"@type":"PropertyValueSpecification","valueRequired":true,"valueName":"search_term_string"}}],"inLanguage":"fr-FR"}]}},"jetpack_sharing_enabled":true,"_links":{"self":[{"href":"https:\/\/ecole-des-deux-rives.be\/index.php\/wp-json\/wp\/v2\/pages\/250","targetHints":{"allow":["GET"]}}],"collection":[{"href":"https:\/\/ecole-des-deux-rives.be\/index.php\/wp-json\/wp\/v2\/pages"}],"about":[{"href":"https:\/\/ecole-des-deux-rives.be\/index.php\/wp-json\/wp\/v2\/types\/page"}],"author":[{"embeddable":true,"href":"https:\/\/ecole-des-deux-rives.be\/index.php\/wp-json\/wp\/v2\/users\/1"}],"replies":[{"embeddable":true,"href":"https:\/\/ecole-des-deux-rives.be\/index.php\/wp-json\/wp\/v2\/comments?post=250"}],"version-history":[{"count":2,"href":"https:\/\/ecole-des-deux-rives.be\/index.php\/wp-json\/wp\/v2\/pages\/250\/revisions"}],"predecessor-version":[{"id":252,"href":"https:\/\/ecole-des-deux-rives.be\/index.php\/wp-json\/wp\/v2\/pages\/250\/revisions\/252"}],"up":[{"embeddable":true,"href":"https:\/\/ecole-des-deux-rives.be\/index.php\/wp-json\/wp\/v2\/pages\/374"}],"wp:attachment":[{"href":"https:\/\/ecole-des-deux-rives.be\/index.php\/wp-json\/wp\/v2\/media?parent=250"}],"curies":[{"name":"wp","href":"https:\/\/api.w.org\/{rel}","templated":true}]}}

<section class="u-align-left u-clearfix u-container-align-left u-section-2" id="block-2">
      <div class="u-clearfix u-sheet u-sheet-1">
        <div class="fr-view u-clearfix u-rich-text u-text u-text-1">
          <h1 style="text-align: left;">Les cours philosophiques</h1>
          <p style="text-align: left;">Les parents choisissent, dès l'arrivée de leur enfant à l'école primaire, un cours philosophique. Du changement dans l'organisation des cours philosophiques pour cette année scolaire. Suite à la mise en place du Pacte d'Excellence, les enfants &nbsp;bénéficieront d'un cours d'éducation philosophique et citoyenne et d'un cours au choix parmi les cours suivants :</p>
          <blockquote>
            <ul id="isPasted">
              <li>religion catholique</li>
              <li>religion israélite</li>
              <li>religion orthodoxe</li>
              <li>religion protestante</li>
              <li>religion islamique</li>
              <li>morale non confessionnelle</li>
              <li>EPA (encadrement pédagogique alternatif) qui correspondra à une heure supplémentaire du cours d’éducation philosophique et citoyenne</li>
            </ul>
          </blockquote>
          <p id="isPasted">Le choix de ce cours peut être modifié au début de chaque nouvelle année scolaire et ce, <strong>avant le 15 septembre</strong>.
          </p>
          <p>Je vous invite, pour un complément d'informations sur l'organisation de ce cours, à consulter le fichier joint qui donne des informations sur les objectifs visés et sur le principe d'organisation.</p>
          <p>
            <a class="u-active-none u-border-none u-btn u-button-link u-button-style u-hover-none u-none u-text-palette-1-base u-btn-1" href="https://ecole-des-deux-rives.be/?post_type=post">
              <br>
            </a>
          </p>
          <p>
            <br>
          </p>
        </div>
        <a href="https://ecole-des-deux-rives.be/index.php#contact" class="u-active-none u-border-2 u-border-active-palette-5-dark-1 u-border-hover-palette-4-light-2 u-border-no-left u-border-no-right u-border-no-top u-border-palette-1-base u-btn u-btn-rectangle u-button-style u-hover-none u-none u-btn-2">Contacter la direction</a>
      </div>
    </section>

<p>Les cours philosophiques Les parents choisissent, dès l&rsquo;arrivée de leur enfant à l&rsquo;école primaire, un cours philosophique. Du changement dans l&rsquo;organisation des cours philosophiques pour cette année scolaire. Suite à la mise en place du Pacte d&rsquo;Excellence, les enfants &nbsp;bénéficieront d&rsquo;un cours d&rsquo;éducation philosophique et citoyenne et d&rsquo;un cours au choix parmi les cours suivants &hellip; <a href="https://ecole-des-deux-rives.be/index.php/enseignement/les-cours-philosophiques/" class="more-link">Continue reading<span class="screen-reader-text"> « Les cours philosophiques »</span></a></p>

<!-- This site is optimized with the Yoast SEO plugin v27.4 - https://yoast.com/product/yoast-seo-wordpress/ -->
<title>Les cours philosophiques - Ecoles des Deux Rives</title>
<meta name="robots" content="index, follow, max-snippet:-1, max-image-preview:large, max-video-preview:-1" />
<link rel="canonical" href="https://ecole-des-deux-rives.be/index.php/les-cours-philosophiques/" />
<meta property="og:locale" content="fr_FR" />
<meta property="og:type" content="article" />
<meta property="og:title" content="Les cours philosophiques - Ecoles des Deux Rives" />
<meta property="og:description" content="Les cours philosophiques Les parents choisissent, dès l&#039;arrivée de leur enfant à l&#039;école primaire, un cours philosophique. Du changement dans l&#039;organisation des cours philosophiques pour cette année scolaire. Suite à la mise en place du Pacte d&#039;Excellence, les enfants &nbsp;bénéficieront d&#039;un cours d&#039;éducation philosophique et citoyenne et d&#039;un cours au choix parmi les cours suivants &hellip; Continue reading &quot;Les cours philosophiques&quot;" />
<meta property="og:url" content="https://ecole-des-deux-rives.be/index.php/les-cours-philosophiques/" />
<meta property="og:site_name" content="Ecoles des Deux Rives" />
<meta property="article:modified_time" content="2025-09-12T16:35:05+00:00" />
<meta property="og:image" content="https://ecole-des-deux-rives.be/wp-content/uploads/2024/12/ecole_primaire_entree.jpg" />
	<meta property="og:image:width" content="1920" />
	<meta property="og:image:height" content="1080" />
	<meta property="og:image:type" content="image/jpeg" />
<meta name="twitter:card" content="summary_large_image" />
<script type="application/ld+json" class="yoast-schema-graph">{"@context":"https:\/\/schema.org","@graph":[{"@type":"WebPage","@id":"https:\/\/ecole-des-deux-rives.be\/index.php\/les-cours-philosophiques\/","url":"https:\/\/ecole-des-deux-rives.be\/index.php\/les-cours-philosophiques\/","name":"Les cours philosophiques - Ecoles des Deux Rives","isPartOf":{"@id":"https:\/\/ecole-des-deux-rives.be\/#website"},"datePublished":"2025-09-12T16:21:19+00:00","dateModified":"2025-09-12T16:35:05+00:00","breadcrumb":{"@id":"https:\/\/ecole-des-deux-rives.be\/index.php\/les-cours-philosophiques\/#breadcrumb"},"inLanguage":"fr-FR","potentialAction":[{"@type":"ReadAction","target":["https:\/\/ecole-des-deux-rives.be\/index.php\/les-cours-philosophiques\/"]}]},{"@type":"BreadcrumbList","@id":"https:\/\/ecole-des-deux-rives.be\/index.php\/les-cours-philosophiques\/#breadcrumb","itemListElement":[{"@type":"ListItem","position":1,"name":"Accueil","item":"https:\/\/ecole-des-deux-rives.be\/"},{"@type":"ListItem","position":2,"name":"Les cours philosophiques"}]},{"@type":"WebSite","@id":"https:\/\/ecole-des-deux-rives.be\/#website","url":"https:\/\/ecole-des-deux-rives.be\/","name":"Ecole des deux rives à Musson","description":"Ecoles des Deux Rives, Musson","alternateName":"Eddr","potentialAction":[{"@type":"SearchAction","target":{"@type":"EntryPoint","urlTemplate":"https:\/\/ecole-des-deux-rives.be\/?s={search_term_string}"},"query-input":{"@type":"PropertyValueSpecification","valueRequired":true,"valueName":"search_term_string"}}],"inLanguage":"fr-FR"}]}</script>
<!-- / Yoast SEO plugin. -->

Les cours philosophiques Les parents choisissent, dès l'arrivée de leur enfant à l'école primaire, un cours philosophique. Du changement dans l'organisation des cours philosophiques pour cette année scolaire. Suite à la mise en place du Pacte d'Excellence, les enfants &nbsp;bénéficieront d'un cours d'éducation philosophique et citoyenne et d'un cours au choix parmi les cours suivants &hellip; Continue reading "Les cours philosophiques"

Ecole des deux rives à Musson
