{"id":313,"date":"2025-09-16T20:04:53","date_gmt":"2025-09-16T18:04:53","guid":{"rendered":"https:\/\/ecole-des-deux-rives.be\/?page_id=313"},"modified":"2025-09-16T20:12:41","modified_gmt":"2025-09-16T18:12:41","slug":"les-horaires","status":"publish","type":"page","link":"https:\/\/ecole-des-deux-rives.be\/index.php\/vie-a-lecole\/les-horaires\/","title":{"rendered":"Les horaires"},"content":{"rendered":"\n    \n    <section class=\"u-align-center u-clearfix u-section-2\" id=\"block-3\">\n      <div class=\"u-clearfix u-sheet u-valign-middle u-sheet-1\">\n        <h1 class=\"u-align-left u-text u-text-1\">Les horaires<\/h1>\n      <\/div>\n    <\/section>\n    <section class=\"u-clearfix u-container-align-center u-palette-3-light-3 u-section-3\" id=\"block-2\">\n      <div class=\"u-clearfix u-sheet u-valign-middle u-sheet-1\">\n        <div class=\"data-layout-selected u-clearfix u-expanded-width u-gutter-0 u-layout-wrap u-layout-wrap-1\">\n          <div class=\"u-layout\">\n            <div class=\"u-layout-row\">\n              <div class=\"u-container-style u-layout-cell u-left-cell u-size-24 u-layout-cell-1\">\n                <div class=\"u-container-layout u-valign-middle u-container-layout-1\">\n                  <h2 class=\"u-text u-text-palette-3-dark-2 u-text-1\">Section maternelle<\/h2>\n                <\/div>\n              <\/div>\n              <div class=\"u-container-style u-layout-cell u-right-cell u-size-36 u-layout-cell-2\">\n                <div class=\"u-container-layout u-valign-middle u-container-layout-2\">\n                  <ul class=\"u-text u-text-2\">\n                    <li> Accueil des enfants de 8h15 \u00e0 8h35.<\/li>\n                    <li>De 8h35 \u00e0 10h30 et de 10h45 \u00e0 12h : activit\u00e9s en classe.<\/li>\n                    <li>De 12h \u00e0 13h30 : temps de midiDe 13h30 \u00e0 15h20: activit\u00e9s en classe.<\/li>\n                    <li>Le mercredi, les cours se terminent \u00e0 11h25.<\/li>\n                    <li>Une collation est servie par l'\u00e9quipe \u00e9ducative; il est seulement n\u00e9cessaire de remettre \u00e0 votre enfant une bouteille d'eau ou une gourde. <\/li>\n                  <\/ul>\n                <\/div>\n              <\/div>\n            <\/div>\n          <\/div>\n        <\/div>\n      <\/div>\n    <\/section>\n    <section class=\"u-clearfix u-container-align-center u-palette-5-light-2 u-section-4\" id=\"block-4\">\n      <div class=\"u-clearfix u-sheet u-valign-middle u-sheet-1\">\n        <div class=\"data-layout-selected u-clearfix u-expanded-width u-gutter-0 u-layout-wrap u-layout-wrap-1\">\n          <div class=\"u-layout\">\n            <div class=\"u-layout-row\">\n              <div class=\"u-container-align-left u-container-style u-layout-cell u-left-cell u-size-24 u-layout-cell-1\">\n                <div class=\"u-container-layout u-valign-middle-lg u-valign-middle-md u-valign-middle-sm u-valign-middle-xs u-container-layout-1\">\n                  <h2 class=\"u-align-left u-text u-text-palette-5-dark-2 u-text-1\">S\u200bection primaire<\/h2>\n                <\/div>\n              <\/div>\n              <div class=\"u-container-style u-layout-cell u-right-cell u-size-36 u-layout-cell-2\">\n                <div class=\"u-container-layout u-valign-middle u-container-layout-2\">\n                  <ul class=\"u-text u-text-2\">\n                    <li> Accueil des enfants de 8h15 \u00e0 8h30.<\/li>\n                    <li>Les enfants sont en classe le matin de 8h30 \u00e0 10h10 et de 10h25 \u00e0 12h05.<\/li>\n                    <li>L'apr\u00e8s- midi, les cours se donnent de 13h15 \u00e0 14h15 et de 14h30 \u00e0 15h20.<\/li>\n                    <li>Le mercredi, les cours se terminent \u00e0 11h25.<\/li>\n                    <li>Chaque journ\u00e9e comporte deux r\u00e9cr\u00e9ations de 15 minutes.<\/li>\n                  <\/ul>\n                <\/div>\n              <\/div>\n            <\/div>\n          <\/div>\n        <\/div>\n      <\/div>\n    <\/section>\n    \n    \n    \n  \n","protected":false},"excerpt":{"rendered":"<p>Les horaires Section maternelle Accueil des enfants de 8h15 \u00e0 8h35. De 8h35 \u00e0 10h30 et de 10h45 \u00e0 12h : activit\u00e9s en classe. De 12h \u00e0 13h30 : temps de midiDe 13h30 \u00e0 15h20: activit\u00e9s en classe. Le mercredi, les cours se terminent \u00e0 11h25. Une collation est servie par l&rsquo;\u00e9quipe \u00e9ducative; il est &hellip; <a href=\"https:\/\/ecole-des-deux-rives.be\/index.php\/vie-a-lecole\/les-horaires\/\" class=\"more-link\">Continue reading<span class=\"screen-reader-text\"> \u00ab\u00a0Les horaires\u00a0\u00bb<\/span><\/a><\/p>\n","protected":false},"author":1,"featured_media":0,"parent":370,"menu_order":2,"comment_status":"closed","ping_status":"closed","template":"","meta":{"footnotes":""},"class_list":["post-313","page","type-page","status-publish","hentry"],"yoast_head":"<!-- This site is optimized with the Yoast SEO plugin v27.4 - https:\/\/yoast.com\/product\/yoast-seo-wordpress\/ -->\n<title>Les horaires - Ecoles des Deux Rives<\/title>\n<meta name=\"robots\" content=\"index, follow, max-snippet:-1, max-image-preview:large, max-video-preview:-1\" \/>\n<link rel=\"canonical\" href=\"https:\/\/ecole-des-deux-rives.be\/index.php\/les-horaires\/\" \/>\n<meta property=\"og:locale\" content=\"fr_FR\" \/>\n<meta property=\"og:type\" content=\"article\" \/>\n<meta property=\"og:title\" content=\"Les horaires - Ecoles des Deux Rives\" \/>\n<meta property=\"og:description\" content=\"Les horaires Section maternelle Accueil des enfants de 8h15 \u00e0 8h35. De 8h35 \u00e0 10h30 et de 10h45 \u00e0 12h : activit\u00e9s en classe. De 12h \u00e0 13h30 : temps de midiDe 13h30 \u00e0 15h20: activit\u00e9s en classe. Le mercredi, les cours se terminent \u00e0 11h25. Une collation est servie par l&#039;\u00e9quipe \u00e9ducative; il est &hellip; Continue reading &quot;Les horaires&quot;\" \/>\n<meta property=\"og:url\" content=\"https:\/\/ecole-des-deux-rives.be\/index.php\/les-horaires\/\" \/>\n<meta property=\"og:site_name\" content=\"Ecoles des Deux Rives\" \/>\n<meta property=\"article:modified_time\" content=\"2025-09-16T18:12:41+00:00\" \/>\n<meta property=\"og:image\" content=\"https:\/\/ecole-des-deux-rives.be\/wp-content\/uploads\/2024\/12\/ecole_primaire_entree.jpg\" \/>\n\t<meta property=\"og:image:width\" content=\"1920\" \/>\n\t<meta property=\"og:image:height\" content=\"1080\" \/>\n\t<meta property=\"og:image:type\" content=\"image\/jpeg\" \/>\n<meta name=\"twitter:card\" content=\"summary_large_image\" \/>\n<script type=\"application\/ld+json\" class=\"yoast-schema-graph\">{\"@context\":\"https:\\\/\\\/schema.org\",\"@graph\":[{\"@type\":\"WebPage\",\"@id\":\"https:\\\/\\\/ecole-des-deux-rives.be\\\/index.php\\\/les-horaires\\\/\",\"url\":\"https:\\\/\\\/ecole-des-deux-rives.be\\\/index.php\\\/les-horaires\\\/\",\"name\":\"Les horaires - Ecoles des Deux Rives\",\"isPartOf\":{\"@id\":\"https:\\\/\\\/ecole-des-deux-rives.be\\\/#website\"},\"datePublished\":\"2025-09-16T18:04:53+00:00\",\"dateModified\":\"2025-09-16T18:12:41+00:00\",\"breadcrumb\":{\"@id\":\"https:\\\/\\\/ecole-des-deux-rives.be\\\/index.php\\\/les-horaires\\\/#breadcrumb\"},\"inLanguage\":\"fr-FR\",\"potentialAction\":[{\"@type\":\"ReadAction\",\"target\":[\"https:\\\/\\\/ecole-des-deux-rives.be\\\/index.php\\\/les-horaires\\\/\"]}]},{\"@type\":\"BreadcrumbList\",\"@id\":\"https:\\\/\\\/ecole-des-deux-rives.be\\\/index.php\\\/les-horaires\\\/#breadcrumb\",\"itemListElement\":[{\"@type\":\"ListItem\",\"position\":1,\"name\":\"Accueil\",\"item\":\"https:\\\/\\\/ecole-des-deux-rives.be\\\/\"},{\"@type\":\"ListItem\",\"position\":2,\"name\":\"Les horaires\"}]},{\"@type\":\"WebSite\",\"@id\":\"https:\\\/\\\/ecole-des-deux-rives.be\\\/#website\",\"url\":\"https:\\\/\\\/ecole-des-deux-rives.be\\\/\",\"name\":\"Ecole des deux rives \u00e0 Musson\",\"description\":\"Ecoles des Deux Rives, Musson\",\"alternateName\":\"Eddr\",\"potentialAction\":[{\"@type\":\"SearchAction\",\"target\":{\"@type\":\"EntryPoint\",\"urlTemplate\":\"https:\\\/\\\/ecole-des-deux-rives.be\\\/?s={search_term_string}\"},\"query-input\":{\"@type\":\"PropertyValueSpecification\",\"valueRequired\":true,\"valueName\":\"search_term_string\"}}],\"inLanguage\":\"fr-FR\"}]}<\/script>\n<!-- \/ Yoast SEO plugin. -->","yoast_head_json":{"title":"Les horaires - Ecoles des Deux Rives","robots":{"index":"index","follow":"follow","max-snippet":"max-snippet:-1","max-image-preview":"max-image-preview:large","max-video-preview":"max-video-preview:-1"},"canonical":"https:\/\/ecole-des-deux-rives.be\/index.php\/les-horaires\/","og_locale":"fr_FR","og_type":"article","og_title":"Les horaires - Ecoles des Deux Rives","og_description":"Les horaires Section maternelle Accueil des enfants de 8h15 \u00e0 8h35. De 8h35 \u00e0 10h30 et de 10h45 \u00e0 12h : activit\u00e9s en classe. De 12h \u00e0 13h30 : temps de midiDe 13h30 \u00e0 15h20: activit\u00e9s en classe. Le mercredi, les cours se terminent \u00e0 11h25. Une collation est servie par l'\u00e9quipe \u00e9ducative; il est &hellip; Continue reading \"Les horaires\"","og_url":"https:\/\/ecole-des-deux-rives.be\/index.php\/les-horaires\/","og_site_name":"Ecoles des Deux Rives","article_modified_time":"2025-09-16T18:12:41+00:00","og_image":[{"width":1920,"height":1080,"url":"https:\/\/ecole-des-deux-rives.be\/wp-content\/uploads\/2024\/12\/ecole_primaire_entree.jpg","type":"image\/jpeg"}],"twitter_card":"summary_large_image","schema":{"@context":"https:\/\/schema.org","@graph":[{"@type":"WebPage","@id":"https:\/\/ecole-des-deux-rives.be\/index.php\/les-horaires\/","url":"https:\/\/ecole-des-deux-rives.be\/index.php\/les-horaires\/","name":"Les horaires - Ecoles des Deux Rives","isPartOf":{"@id":"https:\/\/ecole-des-deux-rives.be\/#website"},"datePublished":"2025-09-16T18:04:53+00:00","dateModified":"2025-09-16T18:12:41+00:00","breadcrumb":{"@id":"https:\/\/ecole-des-deux-rives.be\/index.php\/les-horaires\/#breadcrumb"},"inLanguage":"fr-FR","potentialAction":[{"@type":"ReadAction","target":["https:\/\/ecole-des-deux-rives.be\/index.php\/les-horaires\/"]}]},{"@type":"BreadcrumbList","@id":"https:\/\/ecole-des-deux-rives.be\/index.php\/les-horaires\/#breadcrumb","itemListElement":[{"@type":"ListItem","position":1,"name":"Accueil","item":"https:\/\/ecole-des-deux-rives.be\/"},{"@type":"ListItem","position":2,"name":"Les horaires"}]},{"@type":"WebSite","@id":"https:\/\/ecole-des-deux-rives.be\/#website","url":"https:\/\/ecole-des-deux-rives.be\/","name":"Ecole des deux rives \u00e0 Musson","description":"Ecoles des Deux Rives, Musson","alternateName":"Eddr","potentialAction":[{"@type":"SearchAction","target":{"@type":"EntryPoint","urlTemplate":"https:\/\/ecole-des-deux-rives.be\/?s={search_term_string}"},"query-input":{"@type":"PropertyValueSpecification","valueRequired":true,"valueName":"search_term_string"}}],"inLanguage":"fr-FR"}]}},"jetpack_sharing_enabled":true,"_links":{"self":[{"href":"https:\/\/ecole-des-deux-rives.be\/index.php\/wp-json\/wp\/v2\/pages\/313","targetHints":{"allow":["GET"]}}],"collection":[{"href":"https:\/\/ecole-des-deux-rives.be\/index.php\/wp-json\/wp\/v2\/pages"}],"about":[{"href":"https:\/\/ecole-des-deux-rives.be\/index.php\/wp-json\/wp\/v2\/types\/page"}],"author":[{"embeddable":true,"href":"https:\/\/ecole-des-deux-rives.be\/index.php\/wp-json\/wp\/v2\/users\/1"}],"replies":[{"embeddable":true,"href":"https:\/\/ecole-des-deux-rives.be\/index.php\/wp-json\/wp\/v2\/comments?post=313"}],"version-history":[{"count":2,"href":"https:\/\/ecole-des-deux-rives.be\/index.php\/wp-json\/wp\/v2\/pages\/313\/revisions"}],"predecessor-version":[{"id":315,"href":"https:\/\/ecole-des-deux-rives.be\/index.php\/wp-json\/wp\/v2\/pages\/313\/revisions\/315"}],"up":[{"embeddable":true,"href":"https:\/\/ecole-des-deux-rives.be\/index.php\/wp-json\/wp\/v2\/pages\/370"}],"wp:attachment":[{"href":"https:\/\/ecole-des-deux-rives.be\/index.php\/wp-json\/wp\/v2\/media?parent=313"}],"curies":[{"name":"wp","href":"https:\/\/api.w.org\/{rel}","templated":true}]}}

<section class="u-align-center u-clearfix u-section-2" id="block-3">
      <div class="u-clearfix u-sheet u-valign-middle u-sheet-1">
        <h1 class="u-align-left u-text u-text-1">Les horaires</h1>
      </div>
    </section>
    <section class="u-clearfix u-container-align-center u-palette-3-light-3 u-section-3" id="block-2">
      <div class="u-clearfix u-sheet u-valign-middle u-sheet-1">
        <div class="data-layout-selected u-clearfix u-expanded-width u-gutter-0 u-layout-wrap u-layout-wrap-1">
          <div class="u-layout">
            <div class="u-layout-row">
              <div class="u-container-style u-layout-cell u-left-cell u-size-24 u-layout-cell-1">
                <div class="u-container-layout u-valign-middle u-container-layout-1">
                  <h2 class="u-text u-text-palette-3-dark-2 u-text-1">Section maternelle</h2>
                </div>
              </div>
              <div class="u-container-style u-layout-cell u-right-cell u-size-36 u-layout-cell-2">
                <div class="u-container-layout u-valign-middle u-container-layout-2">
                  <ul class="u-text u-text-2">
                    <li> Accueil des enfants de 8h15 à 8h35.</li>
                    <li>De 8h35 à 10h30 et de 10h45 à 12h : activités en classe.</li>
                    <li>De 12h à 13h30 : temps de midiDe 13h30 à 15h20: activités en classe.</li>
                    <li>Le mercredi, les cours se terminent à 11h25.</li>
                    <li>Une collation est servie par l'équipe éducative; il est seulement nécessaire de remettre à votre enfant une bouteille d'eau ou une gourde. </li>
                  </ul>
                </div>
              </div>
            </div>
          </div>
        </div>
      </div>
    </section>
    <section class="u-clearfix u-container-align-center u-palette-5-light-2 u-section-4" id="block-4">
      <div class="u-clearfix u-sheet u-valign-middle u-sheet-1">
        <div class="data-layout-selected u-clearfix u-expanded-width u-gutter-0 u-layout-wrap u-layout-wrap-1">
          <div class="u-layout">
            <div class="u-layout-row">
              <div class="u-container-align-left u-container-style u-layout-cell u-left-cell u-size-24 u-layout-cell-1">
                <div class="u-container-layout u-valign-middle-lg u-valign-middle-md u-valign-middle-sm u-valign-middle-xs u-container-layout-1">
                  <h2 class="u-align-left u-text u-text-palette-5-dark-2 u-text-1">S​ection primaire</h2>
                </div>
              </div>
              <div class="u-container-style u-layout-cell u-right-cell u-size-36 u-layout-cell-2">
                <div class="u-container-layout u-valign-middle u-container-layout-2">
                  <ul class="u-text u-text-2">
                    <li> Accueil des enfants de 8h15 à 8h30.</li>
                    <li>Les enfants sont en classe le matin de 8h30 à 10h10 et de 10h25 à 12h05.</li>
                    <li>L'après- midi, les cours se donnent de 13h15 à 14h15 et de 14h30 à 15h20.</li>
                    <li>Le mercredi, les cours se terminent à 11h25.</li>
                    <li>Chaque journée comporte deux récréations de 15 minutes.</li>
                  </ul>
                </div>
              </div>
            </div>
          </div>
        </div>
      </div>
    </section>

<p>Les horaires Section maternelle Accueil des enfants de 8h15 à 8h35. De 8h35 à 10h30 et de 10h45 à 12h : activités en classe. De 12h à 13h30 : temps de midiDe 13h30 à 15h20: activités en classe. Le mercredi, les cours se terminent à 11h25. Une collation est servie par l&rsquo;équipe éducative; il est &hellip; <a href="https://ecole-des-deux-rives.be/index.php/vie-a-lecole/les-horaires/" class="more-link">Continue reading<span class="screen-reader-text"> « Les horaires »</span></a></p>

<!-- This site is optimized with the Yoast SEO plugin v27.4 - https://yoast.com/product/yoast-seo-wordpress/ -->
<title>Les horaires - Ecoles des Deux Rives</title>
<meta name="robots" content="index, follow, max-snippet:-1, max-image-preview:large, max-video-preview:-1" />
<link rel="canonical" href="https://ecole-des-deux-rives.be/index.php/les-horaires/" />
<meta property="og:locale" content="fr_FR" />
<meta property="og:type" content="article" />
<meta property="og:title" content="Les horaires - Ecoles des Deux Rives" />
<meta property="og:description" content="Les horaires Section maternelle Accueil des enfants de 8h15 à 8h35. De 8h35 à 10h30 et de 10h45 à 12h : activités en classe. De 12h à 13h30 : temps de midiDe 13h30 à 15h20: activités en classe. Le mercredi, les cours se terminent à 11h25. Une collation est servie par l&#039;équipe éducative; il est &hellip; Continue reading &quot;Les horaires&quot;" />
<meta property="og:url" content="https://ecole-des-deux-rives.be/index.php/les-horaires/" />
<meta property="og:site_name" content="Ecoles des Deux Rives" />
<meta property="article:modified_time" content="2025-09-16T18:12:41+00:00" />
<meta property="og:image" content="https://ecole-des-deux-rives.be/wp-content/uploads/2024/12/ecole_primaire_entree.jpg" />
	<meta property="og:image:width" content="1920" />
	<meta property="og:image:height" content="1080" />
	<meta property="og:image:type" content="image/jpeg" />
<meta name="twitter:card" content="summary_large_image" />
<script type="application/ld+json" class="yoast-schema-graph">{"@context":"https:\/\/schema.org","@graph":[{"@type":"WebPage","@id":"https:\/\/ecole-des-deux-rives.be\/index.php\/les-horaires\/","url":"https:\/\/ecole-des-deux-rives.be\/index.php\/les-horaires\/","name":"Les horaires - Ecoles des Deux Rives","isPartOf":{"@id":"https:\/\/ecole-des-deux-rives.be\/#website"},"datePublished":"2025-09-16T18:04:53+00:00","dateModified":"2025-09-16T18:12:41+00:00","breadcrumb":{"@id":"https:\/\/ecole-des-deux-rives.be\/index.php\/les-horaires\/#breadcrumb"},"inLanguage":"fr-FR","potentialAction":[{"@type":"ReadAction","target":["https:\/\/ecole-des-deux-rives.be\/index.php\/les-horaires\/"]}]},{"@type":"BreadcrumbList","@id":"https:\/\/ecole-des-deux-rives.be\/index.php\/les-horaires\/#breadcrumb","itemListElement":[{"@type":"ListItem","position":1,"name":"Accueil","item":"https:\/\/ecole-des-deux-rives.be\/"},{"@type":"ListItem","position":2,"name":"Les horaires"}]},{"@type":"WebSite","@id":"https:\/\/ecole-des-deux-rives.be\/#website","url":"https:\/\/ecole-des-deux-rives.be\/","name":"Ecole des deux rives à Musson","description":"Ecoles des Deux Rives, Musson","alternateName":"Eddr","potentialAction":[{"@type":"SearchAction","target":{"@type":"EntryPoint","urlTemplate":"https:\/\/ecole-des-deux-rives.be\/?s={search_term_string}"},"query-input":{"@type":"PropertyValueSpecification","valueRequired":true,"valueName":"search_term_string"}}],"inLanguage":"fr-FR"}]}</script>
<!-- / Yoast SEO plugin. -->

Les horaires Section maternelle Accueil des enfants de 8h15 à 8h35. De 8h35 à 10h30 et de 10h45 à 12h : activités en classe. De 12h à 13h30 : temps de midiDe 13h30 à 15h20: activités en classe. Le mercredi, les cours se terminent à 11h25. Une collation est servie par l'équipe éducative; il est &hellip; Continue reading "Les horaires"

Ecole des deux rives à Musson
