{"id":327,"date":"2025-09-20T15:39:44","date_gmt":"2025-09-20T13:39:44","guid":{"rendered":"https:\/\/ecole-des-deux-rives.be\/?page_id=327"},"modified":"2025-09-20T17:04:24","modified_gmt":"2025-09-20T15:04:24","slug":"le-centre-pms","status":"publish","type":"page","link":"https:\/\/ecole-des-deux-rives.be\/index.php\/vie-a-lecole\/partenaires\/le-centre-pms\/","title":{"rendered":"Le centre PMS"},"content":{"rendered":"\n    \n    <section class=\"u-align-center-lg u-align-center-md u-align-center-xl u-align-left-sm u-align-left-xs u-clearfix u-section-2\" data-image-width=\"2000\" data-image-height=\"1333\" id=\"block-2\">\n      <div class=\"u-clearfix u-sheet u-valign-middle-lg u-valign-middle-md u-valign-middle-sm u-valign-middle-xs u-sheet-1\">\n        <h1 class=\"u-align-left u-text u-text-1\">Le centre PMS<\/h1>\n        <h2 class=\"u-text u-text-default u-text-2\"> Quel est le r\u00f4le du centre PMS?<\/h2>\n        <div class=\"data-layout-selected u-clearfix u-expanded-width u-gutter-10 u-layout-wrap u-layout-wrap-1\">\n          <div class=\"u-gutter-0 u-layout\">\n            <div class=\"u-layout-row\">\n              <div class=\"u-size-20 u-size-30-md\">\n                <div class=\"u-layout-col\">\n                  <div class=\"u-align-left u-container-align-left u-container-style u-layout-cell u-left-cell u-size-30 u-layout-cell-1\">\n                    <div class=\"u-container-layout u-valign-top u-container-layout-1\">\n                      <h5 class=\"u-text u-text-default u-text-3\"> Les centres psycho-m\u00e9dico-sociaux - plus commun\u00e9ment appel\u00e9s centres P.M.S.- peuvent remplir diff\u00e9rentes missions dans le cadre de l\u2019\u00e9cole :<\/h5>\n                      <ul class=\"u-text u-text-4\">\n                        <li>des missions d\u2019orientation, de promotion \u00e0 la sant\u00e9.<\/li>\n                        <li>des missions de \u00ab guidance \u00bb psychologique, m\u00e9dicale ou sociale.<\/li>\n                        <li>des missions de pr\u00e9vention, ...<\/li>\n                      <\/ul>\n                    <\/div>\n                  <\/div>\n                  <div class=\"u-align-left u-container-align-left u-container-style u-layout-cell u-left-cell u-size-30 u-layout-cell-2\">\n                    <div class=\"u-container-layout u-valign-top u-container-layout-2\">\n                      <p class=\"u-text u-text-5\"> La Direction reste \u00e0 votre disposition pour un compl\u00e9ment d'informations \u00e0 ce sujet.<\/p>\n                      <a href=\"https:\/\/ecole-des-deux-rives.be\/#contact\" class=\"u-active-none u-border-2 u-border-active-palette-2-dark-1 u-border-hover-palette-2-base u-border-no-left u-border-no-right u-border-no-top u-border-palette-1-base u-btn u-button-style u-hover-none u-none u-text-hover-palette-2-base u-text-palette-1-base u-btn-1\">Contacter la direction<\/a>\n                    <\/div>\n                  <\/div>\n                <\/div>\n              <\/div>\n              <div class=\"u-size-20 u-size-30-md\">\n                <div class=\"u-layout-row\">\n                  <div class=\"u-align-left u-container-style u-image u-layout-cell u-size-60 u-image-1\" src=\"\" data-image-width=\"319\" data-image-height=\"158\" style=\"background-image: url(&quot;https:\/\/ecole-des-deux-rives.be\/wp-content\/uploads\/2025\/09\/centrepms.png&quot;);\">\n                    <div class=\"u-container-layout u-valign-top-lg u-valign-top-md u-valign-top-sm u-valign-top-xs u-container-layout-3\" src=\"\"><\/div>\n                  <\/div>\n                <\/div>\n              <\/div>\n              <div class=\"u-size-20 u-size-60-md\">\n                <div class=\"u-layout-col\">\n                  <div class=\"u-align-left u-container-style u-layout-cell u-right-cell u-size-20 u-layout-cell-4\">\n                    <div class=\"u-container-layout u-valign-top u-container-layout-4\">\n                      <h5 class=\"u-text u-text-default u-text-6\"> Comment faire appel \u00e0 leurs services?<\/h5>\n                      <p class=\"u-text u-text-7\"> Soit par le biais de la Direction de l'\u00e9cole, soit de mani\u00e8re spontan\u00e9e et personnelle.<\/p>\n                    <\/div>\n                  <\/div>\n                  <div class=\"u-align-left u-container-align-left u-container-style u-layout-cell u-right-cell u-size-20 u-layout-cell-5\">\n                    <div class=\"u-container-layout u-valign-top u-container-layout-5\">\n                      <h5 class=\"u-text u-text-default u-text-8\"> De quel centre PMS notre \u00e9cole d\u00e9pend-elle?<\/h5>\n                      <p class=\"u-text u-text-9\"> Le centre principal est le centre PMS de la communaut\u00e9 fran\u00e7aise - Virton<br>Faubourg d\u2019Arival, 39<br>6760 VIRTON<br>T\u00e9l : +32 63\/57.72.07\n                      <\/p>\n                    <\/div>\n                  <\/div>\n                  <div class=\"u-align-left u-container-align-left u-container-style u-layout-cell u-right-cell u-size-20 u-layout-cell-6\">\n                    <div class=\"u-container-layout u-valign-top u-container-layout-6\">\n                      <p class=\"u-text u-text-10\"> Le relais direct pour les enfants de notre \u00e9tablissement est l'Antenne d'Athus.<br>T\u00e9l : +32 63\/38.88.43\n                      <\/p>\n                    <\/div>\n                  <\/div>\n                <\/div>\n              <\/div>\n            <\/div>\n          <\/div>\n        <\/div>\n      <\/div>\n    <\/section>\n    \n    \n    \n  \n","protected":false},"excerpt":{"rendered":"<p>Le centre PMS Quel est le r\u00f4le du centre PMS? Les centres psycho-m\u00e9dico-sociaux &#8211; plus commun\u00e9ment appel\u00e9s centres P.M.S.- peuvent remplir diff\u00e9rentes missions dans le cadre de l\u2019\u00e9cole : des missions d\u2019orientation, de promotion \u00e0 la sant\u00e9. des missions de \u00ab guidance \u00bb psychologique, m\u00e9dicale ou sociale. des missions de pr\u00e9vention, &#8230; La Direction reste &hellip; <a href=\"https:\/\/ecole-des-deux-rives.be\/index.php\/vie-a-lecole\/partenaires\/le-centre-pms\/\" class=\"more-link\">Continue reading<span class=\"screen-reader-text\"> \u00ab\u00a0Le centre PMS\u00a0\u00bb<\/span><\/a><\/p>\n","protected":false},"author":1,"featured_media":0,"parent":372,"menu_order":0,"comment_status":"closed","ping_status":"closed","template":"","meta":{"footnotes":""},"class_list":["post-327","page","type-page","status-publish","hentry"],"yoast_head":"<!-- This site is optimized with the Yoast SEO plugin v27.4 - https:\/\/yoast.com\/product\/yoast-seo-wordpress\/ -->\n<title>Le centre PMS - Ecoles des Deux Rives<\/title>\n<meta name=\"robots\" content=\"index, follow, max-snippet:-1, max-image-preview:large, max-video-preview:-1\" \/>\n<link rel=\"canonical\" href=\"https:\/\/ecole-des-deux-rives.be\/index.php\/le-centre-pms\/\" \/>\n<meta property=\"og:locale\" content=\"fr_FR\" \/>\n<meta property=\"og:type\" content=\"article\" \/>\n<meta property=\"og:title\" content=\"Le centre PMS - Ecoles des Deux Rives\" \/>\n<meta property=\"og:description\" content=\"Le centre PMS Quel est le r\u00f4le du centre PMS? Les centres psycho-m\u00e9dico-sociaux - plus commun\u00e9ment appel\u00e9s centres P.M.S.- peuvent remplir diff\u00e9rentes missions dans le cadre de l\u2019\u00e9cole : des missions d\u2019orientation, de promotion \u00e0 la sant\u00e9. des missions de \u00ab guidance \u00bb psychologique, m\u00e9dicale ou sociale. des missions de pr\u00e9vention, ... La Direction reste &hellip; Continue reading &quot;Le centre PMS&quot;\" \/>\n<meta property=\"og:url\" content=\"https:\/\/ecole-des-deux-rives.be\/index.php\/le-centre-pms\/\" \/>\n<meta property=\"og:site_name\" content=\"Ecoles des Deux Rives\" \/>\n<meta property=\"article:modified_time\" content=\"2025-09-20T15:04:24+00:00\" \/>\n<meta property=\"og:image\" content=\"https:\/\/ecole-des-deux-rives.be\/wp-content\/uploads\/2024\/12\/ecole_primaire_entree.jpg\" \/>\n\t<meta property=\"og:image:width\" content=\"1920\" \/>\n\t<meta property=\"og:image:height\" content=\"1080\" \/>\n\t<meta property=\"og:image:type\" content=\"image\/jpeg\" \/>\n<meta name=\"twitter:card\" content=\"summary_large_image\" \/>\n<script type=\"application\/ld+json\" class=\"yoast-schema-graph\">{\"@context\":\"https:\\\/\\\/schema.org\",\"@graph\":[{\"@type\":\"WebPage\",\"@id\":\"https:\\\/\\\/ecole-des-deux-rives.be\\\/index.php\\\/le-centre-pms\\\/\",\"url\":\"https:\\\/\\\/ecole-des-deux-rives.be\\\/index.php\\\/le-centre-pms\\\/\",\"name\":\"Le centre PMS - Ecoles des Deux Rives\",\"isPartOf\":{\"@id\":\"https:\\\/\\\/ecole-des-deux-rives.be\\\/#website\"},\"datePublished\":\"2025-09-20T13:39:44+00:00\",\"dateModified\":\"2025-09-20T15:04:24+00:00\",\"breadcrumb\":{\"@id\":\"https:\\\/\\\/ecole-des-deux-rives.be\\\/index.php\\\/le-centre-pms\\\/#breadcrumb\"},\"inLanguage\":\"fr-FR\",\"potentialAction\":[{\"@type\":\"ReadAction\",\"target\":[\"https:\\\/\\\/ecole-des-deux-rives.be\\\/index.php\\\/le-centre-pms\\\/\"]}]},{\"@type\":\"BreadcrumbList\",\"@id\":\"https:\\\/\\\/ecole-des-deux-rives.be\\\/index.php\\\/le-centre-pms\\\/#breadcrumb\",\"itemListElement\":[{\"@type\":\"ListItem\",\"position\":1,\"name\":\"Accueil\",\"item\":\"https:\\\/\\\/ecole-des-deux-rives.be\\\/\"},{\"@type\":\"ListItem\",\"position\":2,\"name\":\"Le centre PMS\"}]},{\"@type\":\"WebSite\",\"@id\":\"https:\\\/\\\/ecole-des-deux-rives.be\\\/#website\",\"url\":\"https:\\\/\\\/ecole-des-deux-rives.be\\\/\",\"name\":\"Ecole des deux rives \u00e0 Musson\",\"description\":\"Ecoles des Deux Rives, Musson\",\"alternateName\":\"Eddr\",\"potentialAction\":[{\"@type\":\"SearchAction\",\"target\":{\"@type\":\"EntryPoint\",\"urlTemplate\":\"https:\\\/\\\/ecole-des-deux-rives.be\\\/?s={search_term_string}\"},\"query-input\":{\"@type\":\"PropertyValueSpecification\",\"valueRequired\":true,\"valueName\":\"search_term_string\"}}],\"inLanguage\":\"fr-FR\"}]}<\/script>\n<!-- \/ Yoast SEO plugin. -->","yoast_head_json":{"title":"Le centre PMS - Ecoles des Deux Rives","robots":{"index":"index","follow":"follow","max-snippet":"max-snippet:-1","max-image-preview":"max-image-preview:large","max-video-preview":"max-video-preview:-1"},"canonical":"https:\/\/ecole-des-deux-rives.be\/index.php\/le-centre-pms\/","og_locale":"fr_FR","og_type":"article","og_title":"Le centre PMS - Ecoles des Deux Rives","og_description":"Le centre PMS Quel est le r\u00f4le du centre PMS? Les centres psycho-m\u00e9dico-sociaux - plus commun\u00e9ment appel\u00e9s centres P.M.S.- peuvent remplir diff\u00e9rentes missions dans le cadre de l\u2019\u00e9cole : des missions d\u2019orientation, de promotion \u00e0 la sant\u00e9. des missions de \u00ab guidance \u00bb psychologique, m\u00e9dicale ou sociale. des missions de pr\u00e9vention, ... La Direction reste &hellip; Continue reading \"Le centre PMS\"","og_url":"https:\/\/ecole-des-deux-rives.be\/index.php\/le-centre-pms\/","og_site_name":"Ecoles des Deux Rives","article_modified_time":"2025-09-20T15:04:24+00:00","og_image":[{"width":1920,"height":1080,"url":"https:\/\/ecole-des-deux-rives.be\/wp-content\/uploads\/2024\/12\/ecole_primaire_entree.jpg","type":"image\/jpeg"}],"twitter_card":"summary_large_image","schema":{"@context":"https:\/\/schema.org","@graph":[{"@type":"WebPage","@id":"https:\/\/ecole-des-deux-rives.be\/index.php\/le-centre-pms\/","url":"https:\/\/ecole-des-deux-rives.be\/index.php\/le-centre-pms\/","name":"Le centre PMS - Ecoles des Deux Rives","isPartOf":{"@id":"https:\/\/ecole-des-deux-rives.be\/#website"},"datePublished":"2025-09-20T13:39:44+00:00","dateModified":"2025-09-20T15:04:24+00:00","breadcrumb":{"@id":"https:\/\/ecole-des-deux-rives.be\/index.php\/le-centre-pms\/#breadcrumb"},"inLanguage":"fr-FR","potentialAction":[{"@type":"ReadAction","target":["https:\/\/ecole-des-deux-rives.be\/index.php\/le-centre-pms\/"]}]},{"@type":"BreadcrumbList","@id":"https:\/\/ecole-des-deux-rives.be\/index.php\/le-centre-pms\/#breadcrumb","itemListElement":[{"@type":"ListItem","position":1,"name":"Accueil","item":"https:\/\/ecole-des-deux-rives.be\/"},{"@type":"ListItem","position":2,"name":"Le centre PMS"}]},{"@type":"WebSite","@id":"https:\/\/ecole-des-deux-rives.be\/#website","url":"https:\/\/ecole-des-deux-rives.be\/","name":"Ecole des deux rives \u00e0 Musson","description":"Ecoles des Deux Rives, Musson","alternateName":"Eddr","potentialAction":[{"@type":"SearchAction","target":{"@type":"EntryPoint","urlTemplate":"https:\/\/ecole-des-deux-rives.be\/?s={search_term_string}"},"query-input":{"@type":"PropertyValueSpecification","valueRequired":true,"valueName":"search_term_string"}}],"inLanguage":"fr-FR"}]}},"jetpack_sharing_enabled":true,"_links":{"self":[{"href":"https:\/\/ecole-des-deux-rives.be\/index.php\/wp-json\/wp\/v2\/pages\/327","targetHints":{"allow":["GET"]}}],"collection":[{"href":"https:\/\/ecole-des-deux-rives.be\/index.php\/wp-json\/wp\/v2\/pages"}],"about":[{"href":"https:\/\/ecole-des-deux-rives.be\/index.php\/wp-json\/wp\/v2\/types\/page"}],"author":[{"embeddable":true,"href":"https:\/\/ecole-des-deux-rives.be\/index.php\/wp-json\/wp\/v2\/users\/1"}],"replies":[{"embeddable":true,"href":"https:\/\/ecole-des-deux-rives.be\/index.php\/wp-json\/wp\/v2\/comments?post=327"}],"version-history":[{"count":3,"href":"https:\/\/ecole-des-deux-rives.be\/index.php\/wp-json\/wp\/v2\/pages\/327\/revisions"}],"predecessor-version":[{"id":331,"href":"https:\/\/ecole-des-deux-rives.be\/index.php\/wp-json\/wp\/v2\/pages\/327\/revisions\/331"}],"up":[{"embeddable":true,"href":"https:\/\/ecole-des-deux-rives.be\/index.php\/wp-json\/wp\/v2\/pages\/372"}],"wp:attachment":[{"href":"https:\/\/ecole-des-deux-rives.be\/index.php\/wp-json\/wp\/v2\/media?parent=327"}],"curies":[{"name":"wp","href":"https:\/\/api.w.org\/{rel}","templated":true}]}}

<section class="u-align-center-lg u-align-center-md u-align-center-xl u-align-left-sm u-align-left-xs u-clearfix u-section-2" data-image-width="2000" data-image-height="1333" id="block-2">
      <div class="u-clearfix u-sheet u-valign-middle-lg u-valign-middle-md u-valign-middle-sm u-valign-middle-xs u-sheet-1">
        <h1 class="u-align-left u-text u-text-1">Le centre PMS</h1>
        <h2 class="u-text u-text-default u-text-2"> Quel est le rôle du centre PMS?</h2>
        <div class="data-layout-selected u-clearfix u-expanded-width u-gutter-10 u-layout-wrap u-layout-wrap-1">
          <div class="u-gutter-0 u-layout">
            <div class="u-layout-row">
              <div class="u-size-20 u-size-30-md">
                <div class="u-layout-col">
                  <div class="u-align-left u-container-align-left u-container-style u-layout-cell u-left-cell u-size-30 u-layout-cell-1">
                    <div class="u-container-layout u-valign-top u-container-layout-1">
                      <h5 class="u-text u-text-default u-text-3"> Les centres psycho-médico-sociaux - plus communément appelés centres P.M.S.- peuvent remplir différentes missions dans le cadre de l’école :</h5>
                      <ul class="u-text u-text-4">
                        <li>des missions d’orientation, de promotion à la santé.</li>
                        <li>des missions de « guidance » psychologique, médicale ou sociale.</li>
                        <li>des missions de prévention, ...</li>
                      </ul>
                    </div>
                  </div>
                  <div class="u-align-left u-container-align-left u-container-style u-layout-cell u-left-cell u-size-30 u-layout-cell-2">
                    <div class="u-container-layout u-valign-top u-container-layout-2">
                      <p class="u-text u-text-5"> La Direction reste à votre disposition pour un complément d'informations à ce sujet.</p>
                      <a href="https://ecole-des-deux-rives.be/#contact" class="u-active-none u-border-2 u-border-active-palette-2-dark-1 u-border-hover-palette-2-base u-border-no-left u-border-no-right u-border-no-top u-border-palette-1-base u-btn u-button-style u-hover-none u-none u-text-hover-palette-2-base u-text-palette-1-base u-btn-1">Contacter la direction</a>
                    </div>
                  </div>
                </div>
              </div>
              <div class="u-size-20 u-size-30-md">
                <div class="u-layout-row">
                  <div class="u-align-left u-container-style u-image u-layout-cell u-size-60 u-image-1" src="" data-image-width="319" data-image-height="158" style="background-image: url(&quot;https://ecole-des-deux-rives.be/wp-content/uploads/2025/09/centrepms.png&quot;);">
                    <div class="u-container-layout u-valign-top-lg u-valign-top-md u-valign-top-sm u-valign-top-xs u-container-layout-3" src=""></div>
                  </div>
                </div>
              </div>
              <div class="u-size-20 u-size-60-md">
                <div class="u-layout-col">
                  <div class="u-align-left u-container-style u-layout-cell u-right-cell u-size-20 u-layout-cell-4">
                    <div class="u-container-layout u-valign-top u-container-layout-4">
                      <h5 class="u-text u-text-default u-text-6"> Comment faire appel à leurs services?</h5>
                      <p class="u-text u-text-7"> Soit par le biais de la Direction de l'école, soit de manière spontanée et personnelle.</p>
                    </div>
                  </div>
                  <div class="u-align-left u-container-align-left u-container-style u-layout-cell u-right-cell u-size-20 u-layout-cell-5">
                    <div class="u-container-layout u-valign-top u-container-layout-5">
                      <h5 class="u-text u-text-default u-text-8"> De quel centre PMS notre école dépend-elle?</h5>
                      <p class="u-text u-text-9"> Le centre principal est le centre PMS de la communauté française - Virton<br>Faubourg d’Arival, 39<br>6760 VIRTON<br>Tél : +32 63/57.72.07
                      </p>
                    </div>
                  </div>
                  <div class="u-align-left u-container-align-left u-container-style u-layout-cell u-right-cell u-size-20 u-layout-cell-6">
                    <div class="u-container-layout u-valign-top u-container-layout-6">
                      <p class="u-text u-text-10"> Le relais direct pour les enfants de notre établissement est l'Antenne d'Athus.<br>Tél : +32 63/38.88.43
                      </p>
                    </div>
                  </div>
                </div>
              </div>
            </div>
          </div>
        </div>
      </div>
    </section>

<p>Le centre PMS Quel est le rôle du centre PMS? Les centres psycho-médico-sociaux &#8211; plus communément appelés centres P.M.S.- peuvent remplir différentes missions dans le cadre de l’école : des missions d’orientation, de promotion à la santé. des missions de « guidance » psychologique, médicale ou sociale. des missions de prévention, &#8230; La Direction reste &hellip; <a href="https://ecole-des-deux-rives.be/index.php/vie-a-lecole/partenaires/le-centre-pms/" class="more-link">Continue reading<span class="screen-reader-text"> « Le centre PMS »</span></a></p>

<!-- This site is optimized with the Yoast SEO plugin v27.4 - https://yoast.com/product/yoast-seo-wordpress/ -->
<title>Le centre PMS - Ecoles des Deux Rives</title>
<meta name="robots" content="index, follow, max-snippet:-1, max-image-preview:large, max-video-preview:-1" />
<link rel="canonical" href="https://ecole-des-deux-rives.be/index.php/le-centre-pms/" />
<meta property="og:locale" content="fr_FR" />
<meta property="og:type" content="article" />
<meta property="og:title" content="Le centre PMS - Ecoles des Deux Rives" />
<meta property="og:description" content="Le centre PMS Quel est le rôle du centre PMS? Les centres psycho-médico-sociaux - plus communément appelés centres P.M.S.- peuvent remplir différentes missions dans le cadre de l’école : des missions d’orientation, de promotion à la santé. des missions de « guidance » psychologique, médicale ou sociale. des missions de prévention, ... La Direction reste &hellip; Continue reading &quot;Le centre PMS&quot;" />
<meta property="og:url" content="https://ecole-des-deux-rives.be/index.php/le-centre-pms/" />
<meta property="og:site_name" content="Ecoles des Deux Rives" />
<meta property="article:modified_time" content="2025-09-20T15:04:24+00:00" />
<meta property="og:image" content="https://ecole-des-deux-rives.be/wp-content/uploads/2024/12/ecole_primaire_entree.jpg" />
	<meta property="og:image:width" content="1920" />
	<meta property="og:image:height" content="1080" />
	<meta property="og:image:type" content="image/jpeg" />
<meta name="twitter:card" content="summary_large_image" />
<script type="application/ld+json" class="yoast-schema-graph">{"@context":"https:\/\/schema.org","@graph":[{"@type":"WebPage","@id":"https:\/\/ecole-des-deux-rives.be\/index.php\/le-centre-pms\/","url":"https:\/\/ecole-des-deux-rives.be\/index.php\/le-centre-pms\/","name":"Le centre PMS - Ecoles des Deux Rives","isPartOf":{"@id":"https:\/\/ecole-des-deux-rives.be\/#website"},"datePublished":"2025-09-20T13:39:44+00:00","dateModified":"2025-09-20T15:04:24+00:00","breadcrumb":{"@id":"https:\/\/ecole-des-deux-rives.be\/index.php\/le-centre-pms\/#breadcrumb"},"inLanguage":"fr-FR","potentialAction":[{"@type":"ReadAction","target":["https:\/\/ecole-des-deux-rives.be\/index.php\/le-centre-pms\/"]}]},{"@type":"BreadcrumbList","@id":"https:\/\/ecole-des-deux-rives.be\/index.php\/le-centre-pms\/#breadcrumb","itemListElement":[{"@type":"ListItem","position":1,"name":"Accueil","item":"https:\/\/ecole-des-deux-rives.be\/"},{"@type":"ListItem","position":2,"name":"Le centre PMS"}]},{"@type":"WebSite","@id":"https:\/\/ecole-des-deux-rives.be\/#website","url":"https:\/\/ecole-des-deux-rives.be\/","name":"Ecole des deux rives à Musson","description":"Ecoles des Deux Rives, Musson","alternateName":"Eddr","potentialAction":[{"@type":"SearchAction","target":{"@type":"EntryPoint","urlTemplate":"https:\/\/ecole-des-deux-rives.be\/?s={search_term_string}"},"query-input":{"@type":"PropertyValueSpecification","valueRequired":true,"valueName":"search_term_string"}}],"inLanguage":"fr-FR"}]}</script>
<!-- / Yoast SEO plugin. -->

Le centre PMS Quel est le rôle du centre PMS? Les centres psycho-médico-sociaux - plus communément appelés centres P.M.S.- peuvent remplir différentes missions dans le cadre de l’école : des missions d’orientation, de promotion à la santé. des missions de « guidance » psychologique, médicale ou sociale. des missions de prévention, ... La Direction reste &hellip; Continue reading "Le centre PMS"

Ecole des deux rives à Musson
